mainder when v is divided by 28?
4
Let c be (-1)/((4/108)/((-6)/9)). Suppose -10*u + 9*u = q - c, u = 5*q - 120. What is the remainder when 87 is divided by q?
18
Let n = -5950 + 6051. What is the remainder when n is divided by 48?
5
Let m(o) = 669*o + 770. Calculate the remainder when m(5) is divided by 49.
48
Suppose k + 2*m - 162 = 0, 2*k + 127*m = 124*m + 325. What is the remainder when 318 is divided by k?
154
Suppose -41*b = 10*b - 357. Let p = 214 - 210. What is the remainder when b is divided by p?
3
Let r = 30 + -25. Suppose r*h - 34 = -3*x + h, -2*h = -x - 2. Suppose 20 = -x*y + 134. Calculate the remainder when 36 is divided by y.
17
Suppose -5*o = -3*o. Suppose 0 = -o*z - 3*z + 294. Suppose -69 - 6 = -3*t. Calculate the remainder when z is divided by t.
23
Let u(b) = 4*b - 2. Suppose 3*q + 23 - 5 = -d, 2*q - 4*d = -12. Let f be q/((-7)/((-14)/(-4))). What is the remainder when u(f) is divided by 4?
2
Let y = -109 - -258. Calculate the remainder when y is divided by 364 + -338 - (1/(-4) + (-30)/8).
29
Suppose 5*a = 7*r + 133, -17 + 5 = 3*r. Suppose 5*f = 8*f. Suppose f = -3*c + 2*c + 60. Calculate the remainder when c is divided by a.
18
Let w(p) = p**2 + 35*p + 210. Let q be w(-8). What is the remainder when (35/21)/(q/(-1170)) is divided by 3?
1
Suppose 4*c + 0*u - 3*u - 8 = 0, 10 = 5*c + u. Let t = 27 - c. Calculate the remainder when t is divided by (-87)/(-27) + (-4)/18*1.
1
Let i(n) be the first derivative of n**4/4 - 7*n**3/3 + n**2 - 12. Let p be i(10). Suppose -f = -9*f + p. What is the remainder when 157 is divided by f?
37
Suppose -31*f = -33*f + 278. Let q = f + -116. Calculate the remainder when (-1 - 1)/(4/(-182)) is divided by q.
22
Suppose -2*y = 2*z - 28 - 34, 0 = -2*y + 10. Suppose 4*v - 12 = 0, -3*v - 1 = t - 6*v. Calculate the remainder when z is divided by -68*-1*2/t.
9
Let n = -4 - -4. Suppose 0*v + 2*v - 14 = n. Let h = 4598 - 4580. Calculate the remainder when h is divided by v.
4
Let x = -4774 + 4768. Let u(v) = 4*v + 4 - v + 50. What is the remainder when 103 is divided by u(x)?
31
Suppose -3*a + 3*w = -14905 + 3367, -3*a - 5*w + 11586 = 0. What is the remainder when a is divided by 16?
12
Let y(c) = -c**2 + 39*c - 60. Let p(d) = d + 1. Let u(t) = -2*p(t) + y(t). Calculate the remainder when u(34) is divided by 21.
19
Suppose 3*o + 35 + 37 = 0. Let w = 37 + o. Let z = w - 6. Calculate the remainder when 18 is divided by z.
4
Let b = -54 - -118. Let i = 61 + b. Calculate the remainder when i is divided by 14.
13
Let u(l) = -l**3 + 6*l**2 + 31*l + 318. Calculate the remainder when u(-8) is divided by 36.
30
Let v(x) = -x - 3. Let s be v(-12). Let a = s - 3. Let b(t) = -6*t - 4. What is the remainder when b(-4) is divided by a?
2
Suppose 172*f - 167*f = -g + 672, -4*f + 584 = -5*g. What is the remainder when 17813 is divided by f?
133
Let b be (2/(-16))/((-9)/35928). Suppose 5*c - 1020 = -5*p, 2*c + p - b = -93. What is the remainder when c is divided by 23?
18
Suppose k + 15528 = 13*k - 0*k. What is the remainder when k is divided by 7?
6
Let z(l) = -2*l + 7*l - 7*l - l + 53. What is the remainder when 13 is divided by z(16)?
3
Let g = -2162 - -3636. Calculate the remainder when g is divided by 190.
144
Suppose 5*l + x = 173, 2*l + 2*x - 74 = -0*x. Calculate the remainder when l is divided by 18.
16
Suppose -251 - 595 = -47*d. Suppose -d*z + 16*z = -196. Calculate the remainder when 488 is divided by z.
96
Let q be 28*(-256)/84*-9. Suppose -5*r - 11*r = -q. What is the remainder when r is divided by 6?
0
Suppose -10*p + 208 = s, -415 + 1351 = 5*s - 2*p. Let r = 75 - 48. What is the remainder when s is divided by r?
26
Let r(a) = -4*a - 41. Let x be r(-11). Suppose x*v - 36 - 45 = 4*f, 4*v - 2*f - 118 = 0. Calculate the remainder when 178 is divided by v.
23
Suppose -321*p + 315*p = 3216. Let d = p + 544. Calculate the remainder when 28 is divided by d.
4
Let i(w) = 8*w**2 - 256*w + 3587. Calculate the remainder when i(14) is divided by 56.
3
Let t(u) = -3*u. Let k be t(-1). Suppose -49 = -k*n + 50. Let c = 26385 + -26376. What is the remainder when n is divided by c?
6
Calculate the remainder when (-88)/(((-12)/(-15))/(3/(60/(-8)))) is divided by 2*(-1)/(-2) - -14.
14
Let k = -932 + 1412. Suppose 59*x - k - 228 = 0. What is the remainder when 359 is divided by x?
11
Let y(u) = -9*u + 46. Let z be y(6). Calculate the remainder when ((-651)/(-14))/((-4)/z) is divided by 8.
5
Let p(d) = d**3 - 11*d**2 + 11*d - 58. Let m be p(9). Calculate the remainder when 655 is divided by (-9900)/m + 4/22.
81
Let j(o) = 3*o**3 + 265*o**2 - 182*o - 187. What is the remainder when 2540 is divided by j(-89)?
5
Let d = 438 + -444. Calculate the remainder when d/(-15) + (-468)/(-5) is divided by 17.
9
Let z = -2159 + 2170. Suppose -2*k + 3*g + 109 = -56, -5*g = k - 50. Suppose -4*w + w = -k. What is the remainder when w is divided by z?
3
Suppose -g + 128*c + 26289 = 132*c, g + c = 26307. What is the remainder when g is divided by 12?
9
Suppose 0 = 3*k + 4*t + 13, 4*k + 0*t - 20 = 4*t. What is the remainder when 8 is divided by (k - (2 - -3))/(-2)?
0
Suppose 3971 = -68*x + 13219. Calculate the remainder when 152 is divided by x.
16
Let m(x) = -x**2 + 10*x - 19. Let q be m(4). Suppose 0 = 5*i - q - 45. What is the remainder when 68 is divided by i?
8
What is the remainder when 1635 is divided by ((-30)/75)/((-6)/2289) + 4/10?
105
Suppose 11*p - 580 = -195. Suppose -p*i + 34*i = -114. What is the remainder when i is divided by (0 - 29)*(-2 + 1)?
27
Let u(g) = 2*g**2 + 10*g + 3. Let m be 152/(-26) - 30/195. Calculate the remainder when u(m) is divided by 3.
0
Let x be 126/(-56)*304/3. What is the remainder when 37 is divided by (-4)/12 - x/9?
12
Let i = -329 + 1180. Let b = i - 666. Calculate the remainder when b is divided by 62.
61
Let a(f) = 60*f - 121*f + 14 + 63*f + 9. What is the remainder when 192 is divided by a(8)?
36
Suppose 60 = -0*s + s. Let w = 630 + -487. Suppose -2*l = 9*l - w. What is the remainder when s is divided by l?
8
Let v = -4349 + 4393. What is the remainder when (-2)/(-7) + 1531/7 is divided by v?
43
Let j(v) = 31*v + v**2 - 21 - 22*v - 9*v. Calculate the remainder when 54 is divided by j(6).
9
Suppose -5*w - 200 = 215. Let x be (-7 - -10)/(3/(-28)) - -1. Let f = x - w. What is the remainder when f is divided by 10?
6
Let f = 23 - 181. Let u = -82 - f. Calculate the remainder when u is divided by 10.
6
Let c = 2566 - 2216. What is the remainder when c is divided by 68?
10
Let k(g) = g**2 + 57*g - 734. What is the remainder when 1013 is divided by k(-71)?
233
Let j = -12728 + 12772. What is the remainder when ((-2)/2)/((-7)/945) is divided by j?
3
Let q(s) = 171*s - 1821. Calculate the remainder when 227 is divided by q(11).
47
Let t be -3*-4*52/16*-2. Let l = 37 - t. What is the remainder when l is divided by 39?
37
Let g(j) be the second derivative of 25*j**2 + 1/6*j**3 - 15*j + 0. What is the remainder when g(23) is divided by 13?
8
Let y(x) = -13*x + 37. Let b be y(-3). Suppose 6*n - 686 - b = 0. What is the remainder when n is divided by 26?
23
Suppose 2*w = -24*v + 29*v - 1161, 0 = 2*v - 4*w - 442. Calculate the remainder when v is divided by 198.
37
Suppose -198*r = -201*r. Suppose -5*x + 8*x - 156 = r. What is the remainder when x is divided by 14?
10
Let o be 2*(-207)/30 + (-11)/55. Let y = 0 - o. What is the remainder when 109 is divided by y?
11
Suppose 7*a - 249 - 59 = 0. Let i(p) = -p**3 + 10*p**2 + 13*p + 7. Let w be i(11). Suppose -24*f + w*f = 45. Calculate the remainder when a is divided by f.
8
Let k(o) = o**3 - 6*o**2 - o + 7. Calculate the remainder when k(8) is divided by -2 - (14 + -3) - -19.
1
Let a(n) = 5*n + 56 - n**2 + 0*n**2 - 26 - 26. Let w be a(5). Calculate the remainder when 74 is divided by (3/5)/(w - 5)*-25.
14
Suppose -54 = 5*s + 4*m - 2*m, 0 = 4*s - 5*m + 30. What is the remainder when (-6)/(-4) + (-3156)/(-144)*6 is divided by (-10)/(5/(225/s))?
43
Suppose 0 = -5*v + 4*v - 3. Let k be (-3)/(v + 0)*(2 + 3). What is the remainder when k*(-2 - 126/(-15)) is divided by 9?
5
Let g be 2 - ((-31)/3 - (-4)/(-6)). Let j = 21 - g. Let r(y) = -2*y**2 + 20*y - 14. Calculate the remainder when 29 is divided by r(j).
11
Suppose 17*u - 590 = 413. Calculate the remainder when 1080 is 